of s and 95.
19
Let l(q) = q**3 - 8*q**2 + 744*q - 7460. Let w be l(10). Suppose -5*c = -3*c - 6. Suppose c*p = p + 40. Calculate the highest common factor of p and w.
20
Suppose 66*l - 129*l + 100674 = 0. What is the highest common divisor of 846 and l?
94
Let v = -48 - -52. Let d(g) = 46*g - 4. Let y be d(v). Let x be ((-72)/(-60))/(2/y). What is the greatest common divisor of x and 12?
12
Let u be (-1863)/3 - (-7 - -4). Let y be u/(-15) - (-8)/10. Suppose -y = -7*r + 6*r. What is the highest common divisor of r and 14?
14
Suppose -32*v + 14*v - 40204 + 119422 = 0. Calculate the highest common factor of v and 9.
9
Let t(w) = 11*w**2 - w. Let k be t(-1). Suppose -18*r + 7200 = k*r. What is the highest common divisor of r and 6?
6
Let x = -754 + 757. Suppose b + 204 = 5*b + 4*g, x*g = 5*b - 239. Calculate the greatest common factor of 98 and b.
49
Suppose -3*h = -2*h - 2*d - 259, 5*h + d - 1317 = 0. Suppose -248 = -q - 3*w + 2*w, -h = -q + 2*w. What is the highest common factor of q and 23?
23
Let t = 5 + -3. Suppose 0 = t*f - 55 - 137. Suppose 4*q - 19 - 29 = 0. Calculate the highest common divisor of q and f.
12
Suppose -1751*p = -1624*p - 12954. Let t = 0 + -1. Let d be (34/3)/(t/(-3)). What is the highest common factor of d and p?
34
Let m be ((-40)/(-14))/((-10)/(-35)). Suppose m*a = 6*a + 660. What is the greatest common divisor of a and 220?
55
Let l be 35 + (-5 - (0 - 2)). Let r be ((-42)/(-105))/(2526/840 - 3). Calculate the highest common divisor of r and l.
8
Let d = 91 - 91. Suppose 8 = -4*v, 2*o - 4*o - 2*v - 210 = d. Let q = -100 - o. Calculate the greatest common divisor of q and 6.
3
Let w(h) = 19*h - 2. Let u be w(3). Let i be 62/10 + (-108)/(-135). Let f be 152/i - 94/(-329). What is the highest common factor of f and u?
11
Suppose 52*m + 195 = 39*m. Let v be (m/4)/(55/(-528)). Calculate the highest common factor of v and 117.
9
Let o be 26/(-6) + 736/48 + -15 - -1200. What is the highest common factor of o and 286?
26
Let f(b) = -21*b - 20. Let w be f(-18). Suppose -2*r + w + 105 = 3*g, 0 = -g - 3*r + 159. Suppose 2*v - g = -53. What is the highest common factor of v and 10?
10
Let t = 16 - -232. Let j = t + -242. What is the greatest common divisor of j and 174?
6
Suppose -2*j + 3*t = -99, 69*j + t + 159 = 72*j. What is the highest common factor of j and 4878?
18
Let a be (-2 + 27)*378/105. Let l = a - 72. What is the highest common factor of l and 6?
6
Let v(z) = -z**3 - 14*z**2 - 24*z + 10. Let k be v(-12). Suppose -13*b = -8*b - k. Calculate the highest common factor of 2 and b.
2
Let y = -2879 + 2882. What is the highest common divisor of y and 813?
3
Let g(o) = -5515*o - 10980. Let n be g(-2). Let l be (-2 + -13)*(-8)/6. What is the highest common factor of n and l?
10
Let q = -101 - -176. Let k be (-264 - 0/2)*(-100)/q. What is the highest common factor of 44 and k?
44
Suppose -12*q - 23 = -59. Suppose 3*i = -2*h + 101, -q*h = 12*i - 8*i - 149. Calculate the highest common divisor of 43 and h.
43
Let x = 4997 + -3106. Calculate the greatest common factor of x and 305.
61
Let s be (-1)/((-2)/(-20)*4/(-130)). Suppose 5*z - 505 = -s. Let r be (12/z*(20 + -2))/2. What is the greatest common divisor of r and 3?
3
Let m be (-257)/(-4) + (-3)/(-4). Let z be 16/14 - (-32396)/637. What is the highest common factor of m and z?
13
Let l = 2056 + -1936. Calculate the greatest common divisor of l and 280.
40
Suppose -7*g + 900 = -3*g. Let c = 608 + -424. Suppose 2*s = 2*v - c, 5*v - 11 = s + 441. Calculate the greatest common factor of g and v.
45
Let x(c) = 3*c + 24. Let o be x(-13). Let z be (500/o)/(3/(81/(-2))). Calculate the highest common factor of z and 18.
18
Let x be -28 - -28 - ((-3 + 47)/(-4) - 1). What is the highest common divisor of x and 772?
4
Let x(q) = q**2 + 2*q. Let m be x(-4). Suppose 151*p - 154*p + 48 = 0. Calculate the greatest common divisor of m and p.
8
Let t be ((-32)/6)/(-19 - (-45839)/2415). Calculate the highest common divisor of 180 and t.
20
Suppose -1093*t + 1336*t = 299376. Calculate the highest common factor of t and 847.
77
Let r be 10/(-5) - 34479/(-27). What is the highest common factor of r and 153?
51
Let l be (-10)/4*(-2340)/(-650) + 10641. Calculate the greatest common divisor of l and 24.
24
Suppose 24*g - 20*g = 16. Suppose -w - 121 = -g*a, 7*w = 3*a + 3*w - 107. Suppose a - 3 = h. What is the highest common factor of h and 78?
26
Suppose 15*m + 12*m + 27 = 0. Let n be 6*m + 2 + (-56)/(-7). What is the greatest common factor of n and 18?
2
Suppose -2*s - 2*l + 3 = 3*l, 3*l - 3 = 0. Let c be (-799)/(-34)*(-2)/s. Calculate the highest common divisor of 376 and c.
47
Let n be 950553/(-63) + -1 + 16/14. Let f be n/(-115) - (-3)/((-15)/(-4)). What is the highest common factor of f and 33?
33
Suppose -7*b + 15*b = 56. Suppose -25 + 165 = b*u. Let f = 313 + -133. What is the greatest common factor of f and u?
20
Suppose 3*k - 21 = -3*a - a, 2*k - 16 = -2*a. Suppose -4*p + 2*h - h = 34, -44 = 4*p + 4*h. Let r = -8 - p. What is the greatest common divisor of k and r?
1
Let g be ((-3580)/537)/(4/(-102)). Calculate the greatest common divisor of 272 and g.
34
Suppose -18*w + 9*w = 171*w - 2880. Calculate the greatest common divisor of w and 194.
2
Suppose 0 = -20*b + 8*b + 36. Suppose 59 = 2*g - b*l, -g + l + 78 = 2*g. What is the greatest common divisor of g and 1075?
25
Let p(m) = 3*m + 48. Let a = -58 - -46. Let d be p(a). Let i = -18 - -78. What is the greatest common factor of d and i?
12
Let u be (-36)/(-63) - 4923/(-21)*1. Calculate the highest common divisor of u and 376.
47
Let h(i) = 14*i - 263. Let q be h(19). Suppose q*p + 317 - 1367 = 0. What is the greatest common divisor of p and 25?
25
Suppose 108 = 14*g + 38. Suppose -g*t = -249 - 291. Let c be (2 - (-16)/(-2))*-2. What is the greatest common divisor of c and t?
12
Suppose 2*t + 68 = 72, 4*h - 3*t = -22. Let r be 108/9 - h/(-16)*4. What is the greatest common divisor of 1463 and r?
11
Suppose -344*o - 1063*o + 69498 = -120*o. Suppose -3*g - 6 = -2*u - 22, 0 = g + 5*u - 11. Calculate the highest common factor of o and g.
6
Suppose -44*r + 50*r - 12 = 0, -4*z + 246 = -r. Suppose 9*k - 3191 = 1552. What is the greatest common factor of z and k?
31
Let c = 134 - 674. Let a = 1715 + c. Suppose 5*d - 5*s - a = 0, -2*s = -5*d + 2*s + 1171. Calculate the highest common factor of d and 21.
21
Let t(g) = -1304*g - 113. Let a be t(-4). What is the greatest common divisor of 126 and a?
63
Let j = 25243 - 25118. What is the highest common factor of 225 and j?
25
Suppose -5*d + 2*p = -459, 2*d - 6*d + 368 = -2*p. Calculate the greatest common factor of d and 1989.
13
Let n(y) = -3*y + 35. Let l = -158 - -148. Let z be n(l). Calculate the greatest common divisor of 52 and z.
13
Suppose 352 = 27*a - 512. Suppose 0 = b - 6*b + 1760. Calculate the highest common divisor of b and a.
32
Let i = 199 + -198. Suppose q + 78 = 5*z, q + i = 3. What is the highest common divisor of z and 176?
16
Let a be 252 + -258 + (-92)/(-3 - -1). Suppose 3*b + u + 4*u - 193 = 0, -3*b + 4*u = -148. What is the greatest common factor of b and a?
8
Let v be (15 + 0)*(-1 - 0). Suppose 338*r - 583 = 327*r. Let c = r + v. What is the highest common factor of 190 and c?
38
Suppose 0 = 4*d - 3*m - 1474, 2*d = 3*m + 616 + 130. What is the highest common factor of 756 and d?
28
Let d be ((-518)/70 - -5)*-65. What is the greatest common factor of 2028 and d?
156
Let c = -20151 + 20494. What is the greatest common divisor of c and 59339?
343
Suppose 5*c - 2*c - 1 = -j, 9 = 2*c - j. Let u(x) = 17*x + 46. Let a be u(8). Calculate the highest common factor of a and c.
2
Suppose 4*n = 4*q - 272, 3*q = -81*n + 82*n + 206. What is the highest common factor of 30 and q?
3
Let a = 17 - 5. Suppose 0 = 3*s + 3*j - 2*j - 719, 0 = s - 2*j - 249. Let t = -145 + s. What is the highest common factor of t and a?
12
Let w = -4 + 2. Let j(f) = -90*f - 3771. Let u be j(-42). Let o be 544/144 - w/u. Calculate the highest common factor of o and 10.
2
Suppose 144 = 5*m + m. Suppose -1080 = m*n - 27*n. What is the highest common factor of 40 and n?
40
Let f(h) = -h**2 + 5*h + 6. Let b be f(6). Let m be b + (-72)/4 + 4. Let y be (-9)/(-24)*m/(-3)*4. What is the greatest common divisor of y and 91?
7